3 - -5. What is the highest common divisor of p and k?
2
Suppose 11*u - 1120 = -29*u. Calculate the highest common divisor of u and 8.
4
Let z(c) = -c**3 + 11*c**2 - 2*c + 17. Let u be z(11). Let q be 1/((20/(-44))/u) + -2. What is the greatest common factor of q and 1?
1
Suppose -20 = 4*q, 2*q - 102 + 25 = -3*y. What is the highest common divisor of 87 and y?
29
Let c = 20 + 10. Suppose 5*k - c = 5. Suppose -2*z - 6 = -2*l + 2, -3*z - k = -2*l. Calculate the greatest common factor of l and 40.
5
Let h be 25 + 1/((-2)/2). Let s be (-8424)/91 - 6/14. Let o = -57 - s. What is the highest common divisor of h and o?
12
Let o = 118 - 46. Suppose 0 = -t + 5*t + 24. Let p be (-47)/t + (-5)/(-30). What is the greatest common factor of o and p?
8
Let i = 458 - 170. Calculate the highest common factor of i and 324.
36
Let r be (-17 - -16)/((-1)/75). Calculate the greatest common divisor of r and 6.
3
Suppose 35*n - 675 = -10. What is the highest common divisor of 779 and n?
19
Let q = -111 + 296. Calculate the greatest common factor of 5 and q.
5
Let z = -677 - -718. What is the greatest common divisor of 1025 and z?
41
Suppose 4*z - 31 + 7 = 0. Suppose -2*a - 32 = -z*a. Suppose -o = -w - a + 3, 0 = 2*o - 5*w - 10. What is the greatest common divisor of o and 40?
5
Let z = 0 - -2. Suppose x = z*x - 414. Let u be (-5)/(-20) - x/(-8). What is the greatest common divisor of 26 and u?
26
Suppose -23*q + 63 = -351. Calculate the highest common factor of 2 and q.
2
Suppose -3*t = 10*g - 7*g - 459, 2*t = 0. Calculate the highest common divisor of g and 136.
17
Let d be (-96)/(-432) - -37*(-358)/(-9). What is the highest common divisor of 128 and d?
64
Suppose -4 = -2*c - 12. Let x be c/((44/(-80))/11). Calculate the greatest common factor of x and 10.
10
Suppose 4*y - 43 - 13 = 0. Let i = y + -12. Suppose -i*u + 40 = -8. Calculate the greatest common factor of u and 264.
24
Let t be 112/(-3)*13/((-234)/81). What is the greatest common divisor of 16 and t?
8
Suppose -78*h + 72*h + 66 = 0. What is the highest common divisor of 198 and h?
11
Let i be (-2)/(-7)*(-2170)/(-124). Calculate the greatest common divisor of i and 2.
1
Let c be -5*14/(-20)*6. Suppose -87 = -5*p - y, 0 = -5*y + 3 + 7. Suppose -16*f - 105 = -p*f. Calculate the highest common divisor of c and f.
21
Let q(p) = 16*p - 560. Let b be q(36). Calculate the greatest common factor of 248 and b.
8
Let j be (2 - 273/15)/((-3)/15). What is the highest common factor of j and 459?
27
Suppose 5*y + 9 = 129. Suppose 4*x - 32 = x + 4*j, -2*j + 6 = 4*x. Suppose 0 = x*d - 20*d + 96. What is the greatest common factor of y and d?
6
Let k = 1302 + -860. What is the highest common divisor of 34 and k?
34
Let a = 6 + -17. Let s be 15*(0 - a/3). What is the highest common factor of 11 and s?
11
Let r be (-40)/(-8) + -2 - -50. Let q(g) = g. Let u be q(-4). Let x = r - u. What is the greatest common factor of 19 and x?
19
Suppose -5*q = k + 23, 5*q - 2*q + 9 = 0. Let t be 8*4*(-1)/k. What is the greatest common divisor of t and 16?
4
Suppose -q = -2*q + 3. Let v = 51 - 48. Suppose 6 = v*f, 5*g - f - 116 = f. Calculate the greatest common factor of q and g.
3
Suppose 0 = -4*m + 19 - 59. Let w(g) = g**3 + 10*g**2 - 9*g + 10. Let a be w(m). Calculate the highest common factor of a and 25.
25
Let k be 9/2*((-56)/12 - -8). What is the greatest common divisor of 35 and k?
5
Suppose p = -12 + 132. Calculate the greatest common divisor of 300 and p.
60
Let n be (-49098)/(-154) + 4/22. Calculate the highest common divisor of 33 and n.
11
Suppose 0 = 5*l + 2*j - 293, 55 = l - 3*j + 10. Suppose 0 = 8*o + 3231 - 3535. What is the greatest common factor of o and l?
19
Let z be 28/98 + 9278/14. Calculate the greatest common factor of z and 13.
13
Let k be (4/14)/((-1)/(-7)). Let g be 1 - -2 - -120 - 4/k. Calculate the greatest common divisor of 11 and g.
11
Suppose -19 + 84 = 13*r. Calculate the greatest common factor of 485 and r.
5
Let w be (-2*1/(-4))/((-92)/(-1656)). Suppose -3*d + j = -8, j = -4 - 1. Calculate the highest common factor of d and w.
1
Let s = 987 - 915. What is the highest common factor of 90 and s?
18
Suppose 0 = -4*x + 13*x - 261. What is the greatest common factor of x and 261?
29
Let u = 46 - 7. Suppose -4*l + 241 = -u. Let f(h) = h**3 + 4*h**2 - 5*h - 6. Let z be f(-4). What is the greatest common divisor of l and z?
14
Let w be 1 + -3 - (-9 - -2). Suppose -k + 3*j - w = 0, 0 = 7*k - 2*k + 3*j - 47. Let i be ((-8)/(-5))/(k/35). What is the highest common factor of 64 and i?
8
Suppose -3*b = b + 3*i - 118, 5*b - 146 = -3*i. Suppose 4*t + 5*c - b = 0, -c - 16 = -2*t - 3*c. Calculate the highest common factor of 204 and t.
12
Let g be -1*-38*(-1 - -2). Suppose 0 = -3*s + s - 4*j + 76, -s + 5*j + 38 = 0. What is the greatest common factor of s and g?
38
Suppose 4*c + 38 - 56 = -3*b, 12 = 2*b + 2*c. Calculate the greatest common factor of 6 and b.
6
Let f(s) = s**3 + 13*s**2 + 26. Let v be f(-13). Suppose 0 = -19*c + v*c - 119. What is the highest common factor of 17 and c?
17
Suppose -26*y - 58 + 136 = 0. Calculate the highest common factor of 231 and y.
3
Let z = 7 + -11. Let d be (6 + -3)*z/(-6). Suppose d*t - g = 40, 0*t + 2*g = -2*t + 46. Calculate the highest common factor of 147 and t.
21
Suppose -15 = -0*l - 5*l. Suppose -l*x = -21 - 102. Calculate the greatest common factor of x and 41.
41
Let i = 68 + -68. Let p be (33/6)/(2/96). Suppose i = t + 2*t - p. Calculate the highest common factor of t and 11.
11
Let j be 2/(-5)*55*-1. Suppose 5*n + 3 + 27 = 0. Let v be (2 - n/(-4))*484. What is the highest common divisor of v and j?
22
Suppose -413 = -4*g - 0*g - k, -9 = 3*k. What is the greatest common factor of g and 13?
13
Suppose -5*k + 1781 = t - 3*t, 361 = k - 2*t. Let q = k + -211. What is the greatest common divisor of 16 and q?
16
Let i be -4*1 - (-54 - -5). Let z(j) = j**2 - j + 9. Let o be z(12). Let c be 2/(-5) - o/(-15). What is the highest common divisor of c and i?
9
Let k = 41 - 39. Suppose 0 = -4*o - 5*h + 42 + 32, 0 = 4*o + k*h - 80. Calculate the highest common factor of o and 21.
21
Let r be ((-6)/(-9))/(2/(-6)) + 7. Suppose 1 - 36 = -r*a. Let y be (12 + -1)*(6 - -1). Calculate the greatest common divisor of y and a.
7
Let n = 0 - -3. Let z(d) = 2*d + 3. Let s be z(n). What is the highest common divisor of 81 and s?
9
Suppose 7*t = 6*t - 5. Let g be (92/10 + 2)/((-1)/t). What is the greatest common factor of 8 and g?
8
Suppose 24*h - 1210 = 902. Calculate the highest common divisor of h and 22.
22
Let i be ((-714)/(-8))/(18/24). What is the greatest common factor of 28 and i?
7
Let r be (9/(-6))/(-3)*24. Let s = -1 - -11. Suppose -3*o - 3*i = -r, 1 = -4*o + 5*i - s. What is the greatest common divisor of 4 and o?
1
Let j(q) = 18*q - 3. Let s be j(2). Let p = s + -6. Let f(b) = -2*b**2 + 151*b - 569. Let g be f(4). Calculate the greatest common divisor of g and p.
3
Let y = -519 - -1117. Calculate the greatest common factor of 26 and y.
26
Let x(a) = -a**3 - 14*a**2 - 35*a - 16. Suppose -18*o = -11*o + 77. Let i be x(o). Calculate the greatest common factor of 102 and i.
6
Let w be (2/(-3))/(10/(-180)). Suppose 51*q = 45*q + 360. Calculate the highest common factor of w and q.
12
Let f(t) = 5*t + 4. Let r be f(3). Let c be 6/(-2) + (-4 - 51). Let v = c + 115. What is the highest common divisor of r and v?
19
Let y(b) = -3*b + 15. Let d be y(1). What is the highest common divisor of 21 and d?
3
Let h(q) = q**3 - 4*q**2 + 6*q - 1. Let t be h(4). Let f = -225 + 478. Calculate the highest common factor of f and t.
23
Let j(g) = 83*g - 14. Let w be j(4). Suppose 5*t = -63 + w. What is the greatest common factor of 34 and t?
17
Suppose 0 = 4*z + 4*f - 68, -3*f + 64 = 38*z - 34*z. Calculate the greatest common divisor of 871 and z.
13
Let c(u) = -u**2 + 18*u - 45. Let a be c(7). Calculate the greatest common divisor of a and 688.
16
Let b be (1 - -3)*(-84)/(-24). Let o(n) = n**2 - 15*n + 30. Let q be o(b). Let s be 3/(1/((-4)/(-3))). What is the highest common divisor of s and q?
4
Let d = -206 - -209. Calculate the highest common divisor of 3 and d.
3
Suppose -2*d + 18 = -14. Let w = 6 + d. What is the greatest common divisor of 198 and w?
22
Let o(r) = 50*r**3 - 4*r**2 + r. Let i be o(1).